 = -6 - -142. List the prime factors of n.
2, 17
Let a = 87 + -35. List the prime factors of a.
2, 13
What are the prime factors of (-4)/18 - 2290/(-18) - 3?
2, 31
Let q(j) = j**2 - 11*j + 1. What are the prime factors of q(13)?
3
Let m(l) = -l**3 - 7*l**2 + 1. Let f be m(-7). Let g(c) = 3*c**2 - 2*c + 1. What are the prime factors of g(f)?
2
Suppose f = -0*f. Suppose -p + f = -4. What are the prime factors of p?
2
List the prime factors of 3/(2*(-6)/(-152)).
2, 19
Suppose -7*g + 2*g = 5. Let q be g/(-3) + 242/(-6). What are the prime factors of (12/(-30))/(2/q)?
2
Let t = -3 + 9. List the prime factors of t*(-1)/12*-4.
2
Let y(t) = -t**3 - 3*t**2 - 4*t - 10. List the prime factors of y(-7).
2, 107
Let m be (-6)/15 + 64/10. Suppose 0*a - 15 = -q - a, -5*a = -2*q + 9. Let g = q - m. What are the prime factors of g?
2, 3
Let r = -104 + 172. List the prime factors of r.
2, 17
Let r(x) = 0*x + 1 - x + 0*x. Let l = 1 - 6. What are the prime factors of r(l)?
2, 3
Let i be (-2)/(1 + (-6)/4). Suppose 55 = p + i*p. List the prime factors of p.
11
Suppose -2*p - 2*o - 2 = -0, 5*p = -o - 17. Let b = -13 - -20. Let f = b + p. List the prime factors of f.
3
Let m(c) = c**3 + c**2 - c + 7. Let a be m(0). Let j = a - 2. Suppose 0*x + j*x - 60 = 0. List the prime factors of x.
2, 3
Let b = 19 - -13. List the prime factors of b.
2
Suppose 3 = -3*q + 12. Suppose -36 = -q*s + h, 3*h - 48 = -3*s + 8*h. List the prime factors of s.
11
Let g(d) = -d**3 - 4*d**2 - 4*d. Let j be g(-3). List the prime factors of (j/9)/((-3)/(-153)).
17
Let a = -2 - 2. List the prime factors of 29 + 8/a - -2.
29
Suppose 3*w + 5*r - 6 = 0, -2*w = 2*r - 0 - 4. Suppose -w*j + 3*j = 18. What are the prime factors of j?
2, 3
Suppose 248 + 409 = 3*a. What are the prime factors of a?
3, 73
Let n(u) be the second derivative of -u**5/60 - u**4/12 - u**3/6 - u. Let d(j) be the second derivative of n(j). List the prime factors of d(-5).
2
Suppose 324 = 5*k - 76. Suppose -l - l = -k. Suppose 0 = -3*c - h + l, -c + 4 - 8 = -4*h. What are the prime factors of c?
2, 3
Suppose 3*v - 21 = f, -3*f - 5*v = 21 - 0. Let b = 2 - f. Let s = 24 - b. List the prime factors of s.
2, 5
Let q(p) = -4*p**3 + 11*p**2 - 3*p - 3. Let m(r) = -3*r**3 + 7*r**2 - 2*r - 2. Let y(d) = 8*m(d) - 5*q(d). Let w = 6 + -7. List the prime factors of y(w).
5
Let a be (-96)/(-10) + 10/25. Suppose -8*u + 3*u = -a. Suppose -44 = -2*y - u*y. List the prime factors of y.
11
Let a(t) = 3*t - 10. What are the prime factors of a(17)?
41
Let g(p) = p**2 + 5*p - 2. List the prime factors of g(-7).
2, 3
Let z(t) = -t**2 + 7*t - 5. Let c be z(5). Suppose -17 = -s - c. What are the prime factors of s?
2, 3
Suppose -3*k + 19 = 10. List the prime factors of k.
3
Let r(z) = -2 - z + 2*z**2 + 0 + 0*z. Let x be r(2). Suppose 9 = x*c - 3. What are the prime factors of c?
3
Let m be ((-4)/(-3))/(2/(-15)). Let a = 15 - m. What are the prime factors of a?
5
Let d(f) = f**3 - 7*f**2 + 6*f + 8. Let r be d(6). Let g = r - 6. List the prime factors of g.
2
Let w = -18 + 12. Let n be (-26)/w + (-2)/6. List the prime factors of (-10)/n*(0 + -4).
2, 5
Let k = 61 + -51. What are the prime factors of k?
2, 5
Let c = 3 + 0. Suppose 2*y = -3*w - c, 2*w + 2 = -8. What are the prime factors of y?
2, 3
Suppose -z + 180 = 3*z. What are the prime factors of z?
3, 5
Suppose 7*f - 5*f - 426 = 0. What are the prime factors of (-4)/(-8) + f/6?
2, 3
Suppose -3*r - 15 = -5*b - 0, 3*b - 9 = -5*r. Suppose 4*g = b*g + d + 13, -4*g + 5*d + 51 = 0. What are the prime factors of g?
2, 7
Let p be (-2)/(-4)*-4*-3. Suppose -j + 3*j = p. List the prime factors of j.
3
Let l(c) = -c**2 + 9*c - 8. Suppose 0 = -3*z - 4*q + 38, 2*z - 7 = q - 0*q. Let k be l(z). What are the prime factors of (k/(-4)*6)/(-1)?
3, 5
Suppose -s - 2*s + 391 = -2*n, 3*s - 3*n = 390. List the prime factors of s.
131
Suppose 0 = -0*c + 4*c - 100. What are the prime factors of c?
5
Let s(x) be the first derivative of x**3/3 + x**2 + 2. Let o be s(-3). Suppose -35 = -o*p - 2*p. What are the prime factors of p?
7
Let n(p) = p**2 + p - 3. Suppose -o = -3*l - 13, 5*o + 32 - 12 = -2*l. What are the prime factors of n(l)?
17
Suppose -2*l = -3*o - 64, -3*l = -o - 4*l - 13. List the prime factors of 40/2*(-9)/o.
2, 5
Suppose 4*s - 21 = 5*m + 148, 5*s - 165 = -3*m. Suppose -2*o - 12 = -s. What are the prime factors of o?
2, 3
Let k = -34 - -64. List the prime factors of k.
2, 3, 5
What are the prime factors of 1 - 0 - ((-23850)/10)/9?
2, 7, 19
Suppose 3*r = 8*r - 55. Suppose r = -4*z - 29. Let f = z + 15. List the prime factors of f.
5
Let m be (-6)/(-2) + -2 - -16. Suppose -3*l - 2*c + 6*c + 21 = 0, l + 2*c - m = 0. List the prime factors of l.
11
Let j = -6 + 7. Suppose g - j = 9. List the prime factors of g.
2, 5
Suppose -2 + 12 = -5*v. Let n be -1*(-15)/(v + 5). Suppose n*c + 58 = 158. List the prime factors of c.
2, 5
Suppose 5*p - 42 - 18 = 5*q, 3*p - 44 = q. What are the prime factors of p?
2
Let v(b) = b**2 - b. Let l = -7 - -12. What are the prime factors of v(l)?
2, 5
Suppose q + 150 = 3*q + 5*j, -4*q + 300 = -j. List the prime factors of q.
3, 5
Suppose -u + 83 = -2*z, 0*u + 3*u - 253 = 4*z. Suppose 73 + u = 5*d. What are the prime factors of d?
2
Let l(p) = 3*p**2 - 3*p. Let m be l(-4). Suppose -i - i + m = 0. What are the prime factors of i?
2, 3, 5
Let k(u) = 2*u + u - 2*u - 14. Let l be k(8). What are the prime factors of (5/(-3))/(2/l)?
5
Suppose 0 = -2*z - 3*z. Suppose z = -v + 25 - 3. What are the prime factors of v?
2, 11
Let x(f) = f + 9. Let g be x(-4). Suppose -4*r + 14 = -8*r + g*k, -3*k + 5 = r. List the prime factors of (0 + r)/((-1)/8).
2
Suppose 0 = 4*h - p - 311 + 25, -h - 4*p = -63. What are the prime factors of h?
71
Suppose -4*k = k - 25. Suppose -k*f + 2*f = 21. Let l(j) = j**3 + 7*j**2 - 2*j - 1. List the prime factors of l(f).
13
Suppose 4 + 21 = 5*g. Suppose -g*b - 8 + 38 = 0. List the prime factors of b.
2, 3
What are the prime factors of (-996)/(-14) - (-9)/(-63)?
71
Let y be (-9)/(0 + 6/(-8)). Suppose 0*n + 3*n = 4*o + y, 4 = o + n. What are the prime factors of 14 + o + -1 + -1?
2, 3
Let u(s) = s + 1. Let f be u(3). Let r be (-36)/10*(-10)/4. Suppose f = -i + r. What are the prime factors of i?
5
Let a be -130*(4/(-10))/1. Let x = -36 + a. What are the prime factors of x?
2
Let b be -4 - ((7 - 3) + -10). Suppose -b*y + 3*n + 40 = n, -4*n = 4*y - 104. List the prime factors of y.
23
Let o(v) = -v**3 - 5*v**2 - v - 6. Let r be o(-5). Let u(m) = 18*m**2 - 1. What are the prime factors of u(r)?
17
Let q be 2/7 + 10/14. Suppose -x + 3*x = 12. Let d = x - q. List the prime factors of d.
5
Let d = -6 + 19. Let m = 9 - d. Let q(i) = -i**2 - 5*i + 2. What are the prime factors of q(m)?
2, 3
Suppose 0 = 27*h - 26*h - 305. What are the prime factors of h?
5, 61
Let c = -6 - -6. Suppose c = -4*r + 3*r + 3. List the prime factors of 2 - (0 - r - -2).
3
Let p(z) = -z**3 - z**2 - 2*z - 3. Let w be p(-2). Suppose -8*j + 4*j = w*q - 3, -3*q - 11 = -4*j. What are the prime factors of j?
2
Suppose -x - 3 = -2*x. Let l = x - 5. Let u = 2 - l. List the prime factors of u.
2
Suppose h = -3*k + 481 + 105, 0 = 5*k + h - 978. What are the prime factors of k?
2, 7
Suppose -126 = 8*c - 10*c. What are the prime factors of c?
3, 7
Let x = 43 - 4. What are the prime factors of x?
3, 13
Let a be 2 + -2 - (-1 + -1). Suppose -3*p + 9 + 3 = 3*f, 5*p = a*f - 8. Suppose -2*h + p*h + 22 = 0. List the prime factors of h.
11
Let f = -5 - -11. Let l = f + -2. List the prime factors of 4 - 1/(-3 + l).
3
Let x be (-19)/5 - 1/5. Let a = -5 + 15. Let o = x + a. What are the prime factors of o?
2, 3
Suppose 0*m + 18 = m - 4*r, -4*m - 5*r = -114. List the prime factors of m.
2, 13
Suppose 3*h - 15 = 3*r, -5*h - 2*r = -9 - 16. Let b(w) = w**2 - 4*w + 2. List the prime factors of b(h).
7
Let b(v) = -v**3 + 4*v**2 - 3*v - 4. Let u be b(3). Let w(d) = -8*d + 6. List the prime factors of w(u).
2, 19
List the prime factors of 2 + (2/2 - -132).
3, 5
Suppose 3*p = 3*c - 123 - 168, 3*c - 2*p = 286. What are the prime factors of c?
2, 23
Suppose 4*p - 8 = -2*d, 2*p + 4 = p - 2*d. Suppose y - 135 = -p*y. What are the prime factors of y?
3
Let i(b) = b - 8. Let y be i(10). Let z(x) = 0*x - x + y*x + 0*x + 2. What are the prime factors o